{"id":52856,"date":"2026-04-12T06:32:01","date_gmt":"2026-04-12T04:32:01","guid":{"rendered":"https:\/\/niepokalana.ilawa.pl\/?post_type=sermon&#038;p=52856"},"modified":"2026-04-16T08:00:04","modified_gmt":"2026-04-16T06:00:04","slug":"biuletyn-parafialny-14-2026-12-04-2026-r","status":"publish","type":"sermon","link":"https:\/\/niepokalana.ilawa.pl\/index.php\/sermon\/biuletyn-parafialny-14-2026-12-04-2026-r\/","title":{"rendered":"Biuletyn parafialny 14\/2026 &#8211; 12.04.2026 r."},"content":{"rendered":"\n<p class=\"has-large-font-size\"><strong>Og\u0142oszenia duszpasterskie 12.04.2026 r. &#8211; II Niedziela Wielkanocna, czyli Mi\u0142osierdzia Bo\u017cego<\/strong><\/p>\n\n\n\n<p>1.&nbsp; Druga Niedziela Wielkanocy to Niedziela Mi\u0142osierdzia Bo\u017cego rozpoczyna ona Tydzie\u0144 Mi\u0142osierdzia w Ko\u015bciele z tej racji mi\u0119dzy innymi dzisiaj przed Ko\u015bcio\u0142em zbi\u00f3rka ofiar do puszek na dzia\u0142alno\u015b\u0107 Caritas.<\/p>\n\n\n\n<p>2. Z racji Niedzieli Mi\u0142osierdzia Bo\u017cego dzisiaj o 15.00 w ko\u015bciele Koronka do Mi\u0142osierdzia Bo\u017cego.<\/p>\n\n\n\n<p>3. W miniona sobot\u0119 grupa ponad 50 os\u00f3b z naszej parafii i nie tylko, wraz z Ksi\u0119dzem Dawidem i Ksi\u0119dzem Piotrem wyruszyli na pielgrzymk\u0119 do Fatimy. Pami\u0119tajmy w modlitwie o naszych pielgrzymach i pro\u015bmy o b\u0142ogos\u0142awione owoce tego czasu.<\/p>\n\n\n\n<p>4. W sobot\u0119 25 kwietnia zapraszamy na rowerow\u0105 pielgrzymk\u0119 do \u015awi\u0119tego Gaju \u2013 miejsca m\u0119cze\u0144skiej \u015bmierci \u015awi\u0119tego Wojciecha \u2013 na diecezjalne uroczysto\u015bci ku czci Patrona naszej Diecezji. Pielgrzymka wyruszy z naszego Ko\u015bcio\u0142a o godzinie 7.00, trasa liczy oko\u0142o 56 kilometr\u00f3w i b\u0119dzie wiod\u0142a przez Susz i Dzierzgo\u0144. Wszystkich ch\u0119tnych prosimy o rozpocz\u0119cie treningu oraz ze wzgl\u0119d\u00f3w organizacyjnych, o zg\u0142aszanie si\u0119 do kancelarii parafialnej, zakrystii lub ks. Dawida.<\/p>\n\n\n\n<p>5. W sobot\u0119 25 kwietnia nasza parafia organizuje tak\u017ce wyjazd do Niepokalanowa na IX Og\u00f3lnopolskie Spotkanie Apostolatu Margaretka. Zapisy po wieczornej Mszy \u015bw. od poniedzia\u0142ku do czwartku w salce parafialnej.<\/p>\n\n\n\n<p>6. Kancelaria parafialna w tym tygodniu czynna w sta\u0142ym porz\u0105dku: poniedzia\u0142ek w godzinach 9.00 &#8211; 10.00, czwartek 16.00-17.00, pi\u0105tek 9.00-10.00 i 16.00-17.00.<\/p>\n\n\n\n<p>7. B\u00f3g zap\u0142a\u0107 za \u017cyczliwo\u015b\u0107 i trosk\u0119 o nasz\u0105 parafi\u0119. Dzi\u0119ki \u017cyczliwo\u015bci anonimowych ofiarodawc\u00f3w zosta\u0142a po\u0142o\u017cona kamienna posadzka w kruchcie wie\u017cy Ko\u015bcio\u0142a. W tym tygodniu rozpocznie si\u0119 pierwszy etap wymiany pokrycia (na kamienne) schod\u00f3w przed g\u0142\u00f3wnym wej\u015bciem do Ko\u015bcio\u0142a. Ponadto w minionym tygodniu rozpocz\u0105\u0142 si\u0119 zapowiadany, gruntowny remont zakrystii. Serdecznie dzi\u0119kuj\u0119 grupie ponad 15 os\u00f3b (lektor\u00f3w, szafarzy, kandydat\u00f3w do bierzmowania oraz Pani Ma\u0142gosi i ks. Aleksandrowi nadzorowanej przez ks. Dawida) za demonta\u017c starych mebli i pomoc w przenoszeniu sprz\u0119tu liturgicznego do prowizorycznej zakrystii w wie\u017cy Ko\u015bcio\u0142a. Remont potrwa pewnie do po\u0142owy maja, dlatego ch\u00f3r b\u0119dzie w niedziel\u0119 zamkni\u0119ty. Za utrudnienia bardzo przepraszam i serdecznie prosz\u0119 o cierpliwo\u015b\u0107 i wyrozumia\u0142o\u015b\u0107. B\u00f3g zap\u0142a\u0107 raz jeszcze za wszelkie dobro.<\/p>\n\n\n\n<p>8. Do pi\u0105tkowego sprz\u0105tania ko\u015bcio\u0142a prosimy Parafian z ulic: Ogrodowa, Piekarska, Smolki.<\/p>\n\n\n\n<p>9. Przy wyj\u015bciu z ko\u015bcio\u0142a tradycyjnie do nabycia nowy numer \u201eGo\u015bcia Niedzielnego\u201d. Zach\u0119camy tak\u017ce do zabierania Biuletynu parafialnego.<\/p>\n\n\n\n<p>10. W minionym tygodniu po\u017cegnali\u015bmy:<\/p>\n\n\n\n<p>\u015ap. J\u00f3zef W\u0142odarski, lat 76, ul. Mickiewicza<\/p>\n\n\n\n<p>\u015ap. Leopold Aramowicz, lat 92, ul. Grunwaldzka<\/p>\n\n\n\n<p>\u015ap. Kazimierz Ulatowski, lat 67, ul. Kr\u00f3lowej Jadwigi<\/p>\n\n\n\n<p class=\"has-text-align-center has-large-font-size\">INTENCJE MSZALNE<\/p>\n\n\n\n<figure class=\"wp-block-table\"><table class=\"has-fixed-layout\"><tbody><tr><td colspan=\"2\"><strong>Poniedzia\u0142ek 13.04.2026 <\/strong><\/td><\/tr><tr><td><strong>07:00<\/strong><\/td><td>O dar nieba dla \u015bp. Stanis\u0142awa Wojciechowskiego, Leokadii i Bronis\u0142awa Wojciechowskich<\/td><\/tr><tr><td><strong>18:00<\/strong><\/td><td>\u015ap. Jaros\u0142aw Rybi\u0144ski (9 Msza gregoria\u0144ska)<\/td><\/tr><tr><td><strong>18:00<\/strong><\/td><td>Msza w intencji wynagradzaj\u0105cej Niepokalanemu Sercu Maryi<\/td><\/tr><tr><td colspan=\"2\"><strong>Wtorek 14.04.2026 <\/strong><\/td><\/tr><tr><td><strong>07:00<\/strong><\/td><td>\u015ap. Henryka Kroplewska (1 rocz. \u015bm.), dziadkowie Alfons i Apolonia Wro\u0144scy<\/td><\/tr><tr><td><strong>07:00<\/strong><\/td><td>\u015ap. Jaros\u0142aw Rybi\u0144ski (10 Msza gregoria\u0144ska)<\/td><\/tr><tr><td><strong>18:00<\/strong><\/td><td>Msza w intencji os\u00f3b opiekuj\u0105cych si\u0119 osoboami starszymi i niepe\u0142nosprawnymi z pro\u015bb\u0105 o Bo\u017ce b\u0142ogos\u0142awie\u0144stwo i opiek\u0119 Anio\u0142a Str\u00f3\u017ca<\/td><\/tr><tr><td><strong>18:00<\/strong><\/td><td>\u015ap. Maria Lignowska \u2013 intencja mszalna od Czes\u0142awy Przydzia\u0142<\/td><\/tr><tr><td colspan=\"2\"><strong> \u015aroda 15.04.2026 <\/strong><\/td><\/tr><tr><td><strong>07:00<\/strong><\/td><td>\u015ap. Jaros\u0142aw Rybi\u0144ski (11 Msza gregoria\u0144ska)<\/td><\/tr><tr><td><strong>18:00<\/strong><\/td><td>\u015ap. rodzice: Marianna i Teofil oraz J\u00f3zefina i Walenty<\/td><\/tr><tr><td><strong>18:00<\/strong><\/td><td>Msza w intencji c\u00f3rki z pro\u015bb\u0105 o potrzebne dary Ducha \u015bw. i opiek\u0119 Maryi<\/td><\/tr><tr><td><strong>18:00<\/strong><\/td><td>\u015ap. Krystyna i Henryk Wi\u015bniewscy, Jerzy i rodzice z obojga stron &nbsp; &nbsp;<\/td><\/tr><tr><td colspan=\"2\"><strong>Czwartek 16.04.2026 <\/strong><\/td><\/tr><tr><td><strong>07:00<\/strong><\/td><td>\u015ap. Jaros\u0142aw Rybi\u0144ski (12 Msza gregoria\u0144ska)<\/td><\/tr><tr><td><strong>07:00<\/strong><\/td><td>\u015ap. bratowa Bernadetta Dolecka (we wspomnienie imienin)<\/td><\/tr><tr><td><strong>18:00<\/strong><\/td><td>\u015ap. Tadeusz Lubhau<\/td><\/tr><tr><td><strong>18:00<\/strong><\/td><td>\u015ap. tato Franciszek (50 rocz. \u015bm.) i mama Janina (22 rocz. \u015bm.) Langowie<\/td><\/tr><tr><td colspan=\"2\"><strong>Pi\u0105tek 17.04.2026<\/strong><\/td><\/tr><tr><td><strong>07:00<\/strong><\/td><td>\u015ap. Jan, Jadwiga, Andrzej Zg\u00f3rscy, Bogdan, Janina, Roman Fus, Edward, Irena Gajewscy<\/td><\/tr><tr><td><strong>18:00<\/strong><\/td><td>W intencji wynagradzaj\u0105cej NSPJ za odrzucenie poprzez ludzi, prosz\u0105c o zmartwychwstanie z grzechu<\/td><\/tr><tr><td><strong>18:00<\/strong><\/td><td>\u015ap. Jaros\u0142aw Rybi\u0144ski (13 Msza gregoria\u0144ska)<\/td><\/tr><tr><td><strong>18:00<\/strong><\/td><td>\u015ap. Jadwiga, Edmund, Jerzy, Jan Karolewscy, Adam, Ewa Wi\u015bniewscy<\/td><\/tr><tr><td colspan=\"2\"><strong>Sobota 18.04.2026 <\/strong><\/td><\/tr><tr><td><strong>07:00<\/strong><\/td><td>\u015ap. Jaros\u0142aw Rybi\u0144ski (14 Msza gregoria\u0144ska)<\/td><\/tr><tr><td><strong>07:00<\/strong><\/td><td>\u015ap. rodzice: J\u00f3zef i Irena Paturalscy, brat J\u00f3zef Paturalski oraz zmarli z rodzin Urba\u0144skich i Paturalskich<\/td><\/tr><tr><td><strong>07:00<\/strong><\/td><td>\u015ap. Zbigniew Demski (Msza popogrzebowa)<\/td><\/tr><tr><td><strong>18:00<\/strong><\/td><td>\u015ap. syn Dariusz (rocz. \u015bm.) i zmarli z rodziny Sadeckich<\/td><\/tr><tr><td><strong>18:00<\/strong><\/td><td>\u015ap. rodzice Bernadetta (14 rocz. \u015bm.), Stanis\u0142aw Banaccy<\/td><\/tr><tr><td><strong>18:00<\/strong><\/td><td>W intencji Panu Bogu wiadomej<\/td><\/tr><tr><td colspan=\"2\"><strong>19.04.2026 <em>III Niedziela Wielkanocna<\/em><\/strong><\/td><\/tr><tr><td><strong>07:00<\/strong><\/td><td>\u015ap. zmarli z rodziny Cieszy\u0144skich: Stefania, Teofil, Danuta, Tadeusz, Edward, Aleksander, Wies\u0142aw, zmarli z rodziny Kie\u0144skich: Kamila i Kazimierz<\/td><\/tr><tr><td><strong>08:15<\/strong><\/td><td>\u015ap. Wojciech Gontarski (10 rocz. \u015bm.) i zmarli rodzice z obojga stron<\/td><\/tr><tr><td><strong>08:15<\/strong><\/td><td>\u015ap. Jaros\u0142aw Rybi\u0144ski (15 Msza gregoria\u0144ska)<\/td><\/tr><tr><td><strong>09:30<\/strong><\/td><td>Msza dzi\u0119kczynna z okazji 61 rocz. \u015blubu Ireny i Franciszka Bozut\u00f3w z pro\u015bb\u0105 o Bo\u017ce b\u0142ogos\u0142awie\u0144stwo, potrzebne \u0142aski, opiek\u0119 Maryi na dalsze lata \u017cycia<\/td><\/tr><tr><td><strong>09:30<\/strong><\/td><td>\u015ap. Halina Licznerska (100 rocz. urodzin) i zmarki z rodziny i zmarli z rodziny, Ludwik Licznerski<\/td><\/tr><tr><td><strong>10:45<\/strong><\/td><td>\u015ap. rodzice: Tekla, Stanis\u0142aw Olszewscy, brat Jaros\u0142aw Olszewski, Henryk, Pawe\u0142 Wa\u015bniewscy, Ryszarda, Kazimierz, Danuta, Adam i zmarli z rodziny<\/td><\/tr><tr><td><strong>12:00<\/strong><\/td><td>\u015ap. Jadwiga Majewska (35 rocz. \u015bm.), Zygmunt Majewski (20 rocz. \u015bm.)<\/td><\/tr><tr><td><strong>12:00<\/strong><\/td><td>\u015ap. rodzice: Marianna i Piotr, brat Jerzy Miecznik<\/td><\/tr><tr><td><strong>13:15<\/strong><\/td><td>\u015ap. Anastazja Maryn (28 rocz. \u015bm.)<\/td><\/tr><tr><td><strong>13:15<\/strong><\/td><td>Msza dzi\u0119kczynna za 51 lat ma\u0142\u017ce\u0144stwa z pro\u015bb\u0105 o potrzebne \u0142aski i Bo\u017ce b\u0142ogos\u0142awie\u0144stwo dla Krystyny i Bogdana Stawickich<\/td><\/tr><tr><td><strong>18:00<\/strong><\/td><td>\u015ap. Stanis\u0142aw Czajka, rodzice i brat Jan \u2013 intencja od rodziny z Narzymia i I\u0142awy<\/td><\/tr><\/tbody><\/table><\/figure>\n","protected":false},"excerpt":{"rendered":"<p>Og\u0142oszenia duszpasterskie 12.04.2026 r. &#8211; II Niedziela Wielkanocna, czyli Mi\u0142osierdzia Bo\u017cego 1.&nbsp; Druga Niedziela Wielkanocy to Niedziela Mi\u0142osierdzia Bo\u017cego rozpoczyna ona Tydzie\u0144 Mi\u0142osierdzia w Ko\u015bciele z tej racji mi\u0119dzy innymi dzisiaj przed Ko\u015bcio\u0142em zbi\u00f3rka ofiar do puszek na dzia\u0142alno\u015b\u0107 Caritas. 2. Z racji Niedzieli Mi\u0142osierdzia Bo\u017cego dzisiaj o 15.00 w ko\u015bciele Koronka do Mi\u0142osierdzia Bo\u017cego&#8230;.<\/p>\n","protected":false},"author":1,"featured_media":52857,"template":"","meta":{"_acf_changed":false},"sermons-category":[],"class_list":["post-52856","sermon","type-sermon","status-publish","has-post-thumbnail","hentry"],"acf":[],"_links":{"self":[{"href":"https:\/\/niepokalana.ilawa.pl\/index.php\/wp-json\/wp\/v2\/sermon\/52856","targetHints":{"allow":["GET"]}}],"collection":[{"href":"https:\/\/niepokalana.ilawa.pl\/index.php\/wp-json\/wp\/v2\/sermon"}],"about":[{"href":"https:\/\/niepokalana.ilawa.pl\/index.php\/wp-json\/wp\/v2\/types\/sermon"}],"author":[{"embeddable":true,"href":"https:\/\/niepokalana.ilawa.pl\/index.php\/wp-json\/wp\/v2\/users\/1"}],"version-history":[{"count":2,"href":"https:\/\/niepokalana.ilawa.pl\/index.php\/wp-json\/wp\/v2\/sermon\/52856\/revisions"}],"predecessor-version":[{"id":52860,"href":"https:\/\/niepokalana.ilawa.pl\/index.php\/wp-json\/wp\/v2\/sermon\/52856\/revisions\/52860"}],"wp:featuredmedia":[{"embeddable":true,"href":"https:\/\/niepokalana.ilawa.pl\/index.php\/wp-json\/wp\/v2\/media\/52857"}],"wp:attachment":[{"href":"https:\/\/niepokalana.ilawa.pl\/index.php\/wp-json\/wp\/v2\/media?parent=52856"}],"wp:term":[{"taxonomy":"sermons-category","embeddable":true,"href":"https:\/\/niepokalana.ilawa.pl\/index.php\/wp-json\/wp\/v2\/sermons-category?post=52856"}],"curies":[{"name":"wp","href":"https:\/\/api.w.org\/{rel}","templated":true}]}}

<p class="has-large-font-size"><strong>Ogłoszenia duszpasterskie 12.04.2026 r. &#8211; II Niedziela Wielkanocna, czyli Miłosierdzia Bożego</strong></p>



<p>1.&nbsp; Druga Niedziela Wielkanocy to Niedziela Miłosierdzia Bożego rozpoczyna ona Tydzień Miłosierdzia w Kościele z tej racji między innymi dzisiaj przed Kościołem zbiórka ofiar do puszek na działalność Caritas.</p>



<p>2. Z racji Niedzieli Miłosierdzia Bożego dzisiaj o 15.00 w kościele Koronka do Miłosierdzia Bożego.</p>



<p>3. W miniona sobotę grupa ponad 50 osób z naszej parafii i nie tylko, wraz z Księdzem Dawidem i Księdzem Piotrem wyruszyli na pielgrzymkę do Fatimy. Pamiętajmy w modlitwie o naszych pielgrzymach i prośmy o błogosławione owoce tego czasu.</p>



<p>4. W sobotę 25 kwietnia zapraszamy na rowerową pielgrzymkę do Świętego Gaju – miejsca męczeńskiej śmierci Świętego Wojciecha – na diecezjalne uroczystości ku czci Patrona naszej Diecezji. Pielgrzymka wyruszy z naszego Kościoła o godzinie 7.00, trasa liczy około 56 kilometrów i będzie wiodła przez Susz i Dzierzgoń. Wszystkich chętnych prosimy o rozpoczęcie treningu oraz ze względów organizacyjnych, o zgłaszanie się do kancelarii parafialnej, zakrystii lub ks. Dawida.</p>



<p>5. W sobotę 25 kwietnia nasza parafia organizuje także wyjazd do Niepokalanowa na IX Ogólnopolskie Spotkanie Apostolatu Margaretka. Zapisy po wieczornej Mszy św. od poniedziałku do czwartku w salce parafialnej.</p>



<p>6. Kancelaria parafialna w tym tygodniu czynna w stałym porządku: poniedziałek w godzinach 9.00 &#8211; 10.00, czwartek 16.00-17.00, piątek 9.00-10.00 i 16.00-17.00.</p>



<p>7. Bóg zapłać za życzliwość i troskę o naszą parafię. Dzięki życzliwości anonimowych ofiarodawców została położona kamienna posadzka w kruchcie wieży Kościoła. W tym tygodniu rozpocznie się pierwszy etap wymiany pokrycia (na kamienne) schodów przed głównym wejściem do Kościoła. Ponadto w minionym tygodniu rozpoczął się zapowiadany, gruntowny remont zakrystii. Serdecznie dziękuję grupie ponad 15 osób (lektorów, szafarzy, kandydatów do bierzmowania oraz Pani Małgosi i ks. Aleksandrowi nadzorowanej przez ks. Dawida) za demontaż starych mebli i pomoc w przenoszeniu sprzętu liturgicznego do prowizorycznej zakrystii w wieży Kościoła. Remont potrwa pewnie do połowy maja, dlatego chór będzie w niedzielę zamknięty. Za utrudnienia bardzo przepraszam i serdecznie proszę o cierpliwość i wyrozumiałość. Bóg zapłać raz jeszcze za wszelkie dobro.</p>



<p>8. Do piątkowego sprzątania kościoła prosimy Parafian z ulic: Ogrodowa, Piekarska, Smolki.</p>



<p>9. Przy wyjściu z kościoła tradycyjnie do nabycia nowy numer „Gościa Niedzielnego”. Zachęcamy także do zabierania Biuletynu parafialnego.</p>



<p>10. W minionym tygodniu pożegnaliśmy:</p>



<p>Śp. Józef Włodarski, lat 76, ul. Mickiewicza</p>



<p>Śp. Leopold Aramowicz, lat 92, ul. Grunwaldzka</p>



<p>Śp. Kazimierz Ulatowski, lat 67, ul. Królowej Jadwigi</p>



<p class="has-text-align-center has-large-font-size">INTENCJE MSZALNE</p>



<figure class="wp-block-table"><table class="has-fixed-layout"><tbody><tr><td colspan="2"><strong>Poniedziałek 13.04.2026 </strong></td></tr><tr><td><strong>07:00</strong></td><td>O dar nieba dla śp. Stanisława Wojciechowskiego, Leokadii i Bronisława Wojciechowskich</td></tr><tr><td><strong>18:00</strong></td><td>Śp. Jarosław Rybiński (9 Msza gregoriańska)</td></tr><tr><td><strong>18:00</strong></td><td>Msza w intencji wynagradzającej Niepokalanemu Sercu Maryi</td></tr><tr><td colspan="2"><strong>Wtorek 14.04.2026 </strong></td></tr><tr><td><strong>07:00</strong></td><td>Śp. Henryka Kroplewska (1 rocz. śm.), dziadkowie Alfons i Apolonia Wrońscy</td></tr><tr><td><strong>07:00</strong></td><td>Śp. Jarosław Rybiński (10 Msza gregoriańska)</td></tr><tr><td><strong>18:00</strong></td><td>Msza w intencji osób opiekujących się osoboami starszymi i niepełnosprawnymi z prośbą o Boże błogosławieństwo i opiekę Anioła Stróża</td></tr><tr><td><strong>18:00</strong></td><td>Śp. Maria Lignowska – intencja mszalna od Czesławy Przydział</td></tr><tr><td colspan="2"><strong> Środa 15.04.2026 </strong></td></tr><tr><td><strong>07:00</strong></td><td>Śp. Jarosław Rybiński (11 Msza gregoriańska)</td></tr><tr><td><strong>18:00</strong></td><td>Śp. rodzice: Marianna i Teofil oraz Józefina i Walenty</td></tr><tr><td><strong>18:00</strong></td><td>Msza w intencji córki z prośbą o potrzebne dary Ducha św. i opiekę Maryi</td></tr><tr><td><strong>18:00</strong></td><td>Śp. Krystyna i Henryk Wiśniewscy, Jerzy i rodzice z obojga stron &nbsp; &nbsp;</td></tr><tr><td colspan="2"><strong>Czwartek 16.04.2026 </strong></td></tr><tr><td><strong>07:00</strong></td><td>Śp. Jarosław Rybiński (12 Msza gregoriańska)</td></tr><tr><td><strong>07:00</strong></td><td>Śp. bratowa Bernadetta Dolecka (we wspomnienie imienin)</td></tr><tr><td><strong>18:00</strong></td><td>Śp. Tadeusz Lubhau</td></tr><tr><td><strong>18:00</strong></td><td>Śp. tato Franciszek (50 rocz. śm.) i mama Janina (22 rocz. śm.) Langowie</td></tr><tr><td colspan="2"><strong>Piątek 17.04.2026</strong></td></tr><tr><td><strong>07:00</strong></td><td>Śp. Jan, Jadwiga, Andrzej Zgórscy, Bogdan, Janina, Roman Fus, Edward, Irena Gajewscy</td></tr><tr><td><strong>18:00</strong></td><td>W intencji wynagradzającej NSPJ za odrzucenie poprzez ludzi, prosząc o zmartwychwstanie z grzechu</td></tr><tr><td><strong>18:00</strong></td><td>Śp. Jarosław Rybiński (13 Msza gregoriańska)</td></tr><tr><td><strong>18:00</strong></td><td>Śp. Jadwiga, Edmund, Jerzy, Jan Karolewscy, Adam, Ewa Wiśniewscy</td></tr><tr><td colspan="2"><strong>Sobota 18.04.2026 </strong></td></tr><tr><td><strong>07:00</strong></td><td>Śp. Jarosław Rybiński (14 Msza gregoriańska)</td></tr><tr><td><strong>07:00</strong></td><td>Śp. rodzice: Józef i Irena Paturalscy, brat Józef Paturalski oraz zmarli z rodzin Urbańskich i Paturalskich</td></tr><tr><td><strong>07:00</strong></td><td>Śp. Zbigniew Demski (Msza popogrzebowa)</td></tr><tr><td><strong>18:00</strong></td><td>Śp. syn Dariusz (rocz. śm.) i zmarli z rodziny Sadeckich</td></tr><tr><td><strong>18:00</strong></td><td>Śp. rodzice Bernadetta (14 rocz. śm.), Stanisław Banaccy</td></tr><tr><td><strong>18:00</strong></td><td>W intencji Panu Bogu wiadomej</td></tr><tr><td colspan="2"><strong>19.04.2026 <em>III Niedziela Wielkanocna</em></strong></td></tr><tr><td><strong>07:00</strong></td><td>Śp. zmarli z rodziny Cieszyńskich: Stefania, Teofil, Danuta, Tadeusz, Edward, Aleksander, Wiesław, zmarli z rodziny Kieńskich: Kamila i Kazimierz</td></tr><tr><td><strong>08:15</strong></td><td>Śp. Wojciech Gontarski (10 rocz. śm.) i zmarli rodzice z obojga stron</td></tr><tr><td><strong>08:15</strong></td><td>Śp. Jarosław Rybiński (15 Msza gregoriańska)</td></tr><tr><td><strong>09:30</strong></td><td>Msza dziękczynna z okazji 61 rocz. ślubu Ireny i Franciszka Bozutów z prośbą o Boże błogosławieństwo, potrzebne łaski, opiekę Maryi na dalsze lata życia</td></tr><tr><td><strong>09:30</strong></td><td>Śp. Halina Licznerska (100 rocz. urodzin) i zmarki z rodziny i zmarli z rodziny, Ludwik Licznerski</td></tr><tr><td><strong>10:45</strong></td><td>Śp. rodzice: Tekla, Stanisław Olszewscy, brat Jarosław Olszewski, Henryk, Paweł Waśniewscy, Ryszarda, Kazimierz, Danuta, Adam i zmarli z rodziny</td></tr><tr><td><strong>12:00</strong></td><td>Śp. Jadwiga Majewska (35 rocz. śm.), Zygmunt Majewski (20 rocz. śm.)</td></tr><tr><td><strong>12:00</strong></td><td>Śp. rodzice: Marianna i Piotr, brat Jerzy Miecznik</td></tr><tr><td><strong>13:15</strong></td><td>Śp. Anastazja Maryn (28 rocz. śm.)</td></tr><tr><td><strong>13:15</strong></td><td>Msza dziękczynna za 51 lat małżeństwa z prośbą o potrzebne łaski i Boże błogosławieństwo dla Krystyny i Bogdana Stawickich</td></tr><tr><td><strong>18:00</strong></td><td>Śp. Stanisław Czajka, rodzice i brat Jan – intencja od rodziny z Narzymia i Iławy</td></tr></tbody></table></figure>

<p>Ogłoszenia duszpasterskie 12.04.2026 r. &#8211; II Niedziela Wielkanocna, czyli Miłosierdzia Bożego 1.&nbsp; Druga Niedziela Wielkanocy to Niedziela Miłosierdzia Bożego rozpoczyna ona Tydzień Miłosierdzia w Kościele z tej racji między innymi dzisiaj przed Kościołem zbiórka ofiar do puszek na działalność Caritas. 2. Z racji Niedzieli Miłosierdzia Bożego dzisiaj o 15.00 w kościele Koronka do Miłosierdzia Bożego&#8230;.</p>
